{"id":27,"date":"2017-02-08T11:02:16","date_gmt":"2017-02-08T11:02:16","guid":{"rendered":"http:\/\/saimandirdenhaag.nl\/?page_id=27"},"modified":"2026-02-11T15:59:39","modified_gmt":"2026-02-11T15:59:39","slug":"donateurs-financien","status":"publish","type":"page","link":"https:\/\/saimandirdenhaag.nl\/?page_id=27","title":{"rendered":"Financi\u00ebn &#038; Donateurs &#038; Anbi"},"content":{"rendered":"<p><b><i>Bron van inkomsten<\/i><\/b><br \/>De organisatie zal wervingscampagnes en reclames in de publiciteit brengen, om bekendheid van de Stichting en de doelen te promoten. Door in het openbaar te treden is de verwachting om van het publiek zo veel mogelijk giften en donaties te ontvangen. Ook zal er met een\u00a0donateursmachtigingsformulier donateurs worden geworven die regelmatig of periodiek een financi\u00eble bijdrage leveren aan de SSSM Den Haag.<br \/>\u00a0<br \/>\u00a0<br \/><b><i>Werving en beheer van gelden<\/i><\/b><\/p>\n<ul>\n<li>Houden van activiteiten t.b.v. de Stichting<\/li>\n<li>Flyeren<\/li>\n<li>Personen en organisaties zowel persoonlijk als digitaal benaderen<\/li>\n<li>Eigen website<\/li>\n<li>Onze facebookpagina<\/li>\n<li>Bekendheid geven via radio omroepen<\/li>\n<li>Uitzetten van collecte bussen<\/li>\n<li>Standplaats Milan Festival Zuiderpark<\/li>\n<li>Uitzetten van donatieformulieren<b><i>\u00a0<\/i><\/b><\/li>\n<\/ul>\n<p>Het beheer van de verkregen inkomsten vindt als volgt plaats.<br \/>De ontvangen giften\/donaties worden gestort op de zakelijke bankrekening van de stichting. De uitgaande betalingen zullen tevens via deze bankrekening geschieden. De penningmeester is belast met het beheer van de financi\u00ebn.<br \/>De controle en vaststelling van de boekhouding wordt uitgevoerd door de belastingconsulent.<br \/>\u00a0<br \/>\u00a0<br \/><b><i>Donateurs<\/i><\/b><br \/>U kunt zich ook bij ons aanmelden als donateur. Via e-mail <i>saimandirdenhaag@hotmail.com<\/i> kunt u een machtigingsformulier opvragen. Ook kunt ook u via onze website een machtigingsformulier uitprinten, invullen en op sturen naar het correspondentie adres:\u00a0Stichting Shri Sai Mandir Den Haag, Newtonstraat 322, 2562 KZ Den Haag.<\/p>\n<p>Klik onderstaand voor het openen van het machtigingsformulier:<br \/><a href=\"http:\/\/saimandirdenhaag.nl\/wp-content\/uploads\/2017\/03\/Incasso-Machtigingsformulier-Shri-Sai-Mandir.pdf\">Machtigingsformulier Shri Sai Mandir<\/a><\/p>\n<p>Ook kunt u uw eigen bank machtigen om \u00e9\u00e9nmalig of periodiek een vast bedrag over te maken naar het bankrekeningnummer van de Stichting. U heeft alle vrijheid om even de telefoon te pakken en rechtstreeks de organisatie te bellen. Wij zorgen ervoor dat de rest in orde komt.<\/p>\n<p>Wilt u uw donateurschap be\u00ebindigen? Dan komt met \u00e9\u00e9n telefoontje of mailbericht alles weer in orde.<br \/>\u00a0<br \/>\u00a0<br \/><b><i>UW BIJDRAGE ZAL ZEER NUTTIG WORDEN BESTEED!!!<\/i><\/b><br \/>\u00a0<br \/>\u00a0<\/p>\n<blockquote>\n<p>W<strong>ilt u de stichting steunen? U kunt doneren op rekeningnummer:<\/strong><br \/><strong>\u00a0 \u00a0 \u00a0 \u00a0 \u00a0 \u00a0 \u00a0 \u00a0 \u00a0 IBAN: NL62INGB0106508881<\/strong><br \/><strong>\u00a0\u00a0\u00a0\u00a0\u00a0\u00a0\u00a0\u00a0\u00a0\u00a0\u00a0\u00a0\u00a0\u00a0 t.n.v. Stichting Shri Sai Mandir Den Haag<\/strong><\/p>\n<\/blockquote>\n<p><strong>\u00a0<\/strong><br \/>\u00a0<br \/><b><i>Fiscaal aftrekbaar<\/i><\/b><br \/>De Stichting Shri Sai Mandir Den Haag is een organisatie om het algemeen belang te dienen. Daarom zijn de giften en donaties fiscaal aftrekbaar, dit binnen de gestelde grenzen van de fiscale wet en regelgeving.<br \/>\u00a0<\/p>\n<div><strong>ANBI<\/strong>\u00a0staat voor\u00a0<strong>Algemeen Nut Beogende Instelling<\/strong>. Het is een speciale status die de Belastingdienst toekent aan organisaties die zich inzetten voor het algemeen nut, denk aan goede doelen, kerken, culturele instellingen of wetenschappelijke organisaties.<br \/><br \/><\/div>\n<div>Het doel van de ANBI-regeling is om maatschappelijke initiatieven te stimuleren door belastingvoordelen te bieden, zowel aan de organisatie zelf als aan haar donateurs.<\/div>\n<p>Verlies en Winst rekening 2023<\/p>\n\n\n<div class=\"wp-block-file\"><a href=\"http:\/\/saimandirdenhaag.nl\/wp-content\/uploads\/2024\/12\/2023-standaardform-publicatieplicht-kerkgenootschappen-ib1161z3fol-1-4.pdf\">2023-standaardform-publicatieplicht-kerkgenootschappen-ib1161z3fol-1-4<\/a><a href=\"http:\/\/saimandirdenhaag.nl\/wp-content\/uploads\/2024\/12\/2023-standaardform-publicatieplicht-kerkgenootschappen-ib1161z3fol-1-4.pdf\" class=\"wp-block-file__button wp-element-button\" download>Download<\/a><\/div>\n\n\n\n<p>Verlies en Winst rekening 2022<\/p>\n\n\n\n<div class=\"wp-block-group\"><div class=\"wp-block-group__inner-container is-layout-flow wp-block-group-is-layout-flow\">\n<div class=\"wp-block-file\"><a href=\"http:\/\/saimandirdenhaag.nl\/wp-content\/uploads\/2024\/12\/2022-standaardform-publicatieplicht-kerkgenootschappen-ib1161z3fol-1-1.pdf\">2022-standaardform-publicatieplicht-kerkgenootschappen-ib1161z3fol-1-1<\/a><a href=\"http:\/\/saimandirdenhaag.nl\/wp-content\/uploads\/2024\/12\/2022-standaardform-publicatieplicht-kerkgenootschappen-ib1161z3fol-1-1.pdf\" class=\"wp-block-file__button wp-element-button\" download>Download<\/a><\/div>\n\n\n\n<p><\/p>\n\n\n\n<p>Verlies en Winstrekening 2021<\/p>\n<\/div><\/div>\n\n\n\n<div class=\"wp-block-file\"><a href=\"http:\/\/saimandirdenhaag.nl\/wp-content\/uploads\/2024\/12\/2021-standaardform-publicatieplicht-kerkgenootschappen-ib1161z3fol-1-6.pdf\">2021-standaardform-publicatieplicht-kerkgenootschappen-ib1161z3fol-1-6<\/a><a href=\"http:\/\/saimandirdenhaag.nl\/wp-content\/uploads\/2024\/12\/2021-standaardform-publicatieplicht-kerkgenootschappen-ib1161z3fol-1-6.pdf\" class=\"wp-block-file__button wp-element-button\" download>Download<\/a><\/div>\n\n\n\n<p>Verlies en winstrekening 2024<\/p>\n\n\n\n<div class=\"wp-block-file\"><a href=\"http:\/\/saimandirdenhaag.nl\/wp-content\/uploads\/2025\/06\/2024-standaardform-publicatieplicht-kerkgenootschappen-ib1161z3fol-1-4-3.pdf\">2024-standaardform-publicatieplicht-kerkgenootschappen-ib1161z3fol-1-4-3<\/a><a href=\"http:\/\/saimandirdenhaag.nl\/wp-content\/uploads\/2025\/06\/2024-standaardform-publicatieplicht-kerkgenootschappen-ib1161z3fol-1-4-3.pdf\" class=\"wp-block-file__button wp-element-button\" download>Download<\/a><\/div>\n\n\n\n<div class=\"wp-block-file\"><a href=\"http:\/\/saimandirdenhaag.nl\/wp-content\/uploads\/2025\/07\/Balans-pe-r-31-12-2021-Stichting-Shri-Sai-Mandir-Den-Haag-3.xlsx\">Balans-pe-r-31-12-2021-Stichting-Shri-Sai-Mandir-Den-Haag-3<\/a><a href=\"http:\/\/saimandirdenhaag.nl\/wp-content\/uploads\/2025\/07\/Balans-pe-r-31-12-2021-Stichting-Shri-Sai-Mandir-Den-Haag-3.xlsx\" class=\"wp-block-file__button wp-element-button\" download>Download<\/a><\/div>\n\n\n\n<div class=\"wp-block-file\"><a href=\"http:\/\/saimandirdenhaag.nl\/wp-content\/uploads\/2025\/07\/Balans-pe-r-31-12-2021-Stichting-Shri-Sai-Mandir-Den-Haag-1.xlsx\">Balans-pe-r-31-12-2021-Stichting-Shri-Sai-Mandir-Den-Haag-1<\/a><a href=\"http:\/\/saimandirdenhaag.nl\/wp-content\/uploads\/2025\/07\/Balans-pe-r-31-12-2021-Stichting-Shri-Sai-Mandir-Den-Haag-1.xlsx\" class=\"wp-block-file__button wp-element-button\" download>Download<\/a><\/div>\n\n\n\n<div class=\"wp-block-file\"><a href=\"http:\/\/saimandirdenhaag.nl\/wp-content\/uploads\/2025\/07\/Balans-per-31-12-2022-Stichting-Shri-Sai-Mandir-Den-Haag-2.xlsx\">Balans-per-31-12-2022-Stichting-Shri-Sai-Mandir-Den-Haag-2<\/a><a href=\"http:\/\/saimandirdenhaag.nl\/wp-content\/uploads\/2025\/07\/Balans-per-31-12-2022-Stichting-Shri-Sai-Mandir-Den-Haag-2.xlsx\" class=\"wp-block-file__button wp-element-button\" download>Download<\/a><\/div>\n\n\n\n\n\n<div class=\"wp-block-file\"><a href=\"http:\/\/saimandirdenhaag.nl\/wp-content\/uploads\/2025\/07\/Balans-per-31-12-2023-Stichting-Shri-Sai-Mandir-Den-Haag-1.xlsx\">Balans-per-31-12-2023-Stichting-Shri-Sai-Mandir-Den-Haag-1<\/a><a href=\"http:\/\/saimandirdenhaag.nl\/wp-content\/uploads\/2025\/07\/Balans-per-31-12-2023-Stichting-Shri-Sai-Mandir-Den-Haag-1.xlsx\" class=\"wp-block-file__button wp-element-button\" download>Download<\/a><\/div>\n\n\n\n<div class=\"wp-block-file\"><a href=\"http:\/\/saimandirdenhaag.nl\/wp-content\/uploads\/2025\/07\/Balans-per-31-12-2024-Stichting-Shri-Sai-Mandir-Den-Haag-1.xlsx\">Balans-per-31-12-2024-Stichting-Shri-Sai-Mandir-Den-Haag-1<\/a><a href=\"http:\/\/saimandirdenhaag.nl\/wp-content\/uploads\/2025\/07\/Balans-per-31-12-2024-Stichting-Shri-Sai-Mandir-Den-Haag-1.xlsx\" class=\"wp-block-file__button wp-element-button\" download>Download<\/a><\/div>\n\n\n\n<p><\/p>\n","protected":false},"excerpt":{"rendered":"<p>Bron van inkomstenDe organisatie zal wervingscampagnes en reclames in de publiciteit brengen, om bekendheid van de Stichting en de doelen te promoten. Door in het openbaar te treden is de verwachting om van het publiek zo veel mogelijk giften en&hellip; <\/p>\n","protected":false},"author":1,"featured_media":0,"parent":0,"menu_order":0,"comment_status":"closed","ping_status":"closed","template":"","meta":{"footnotes":""},"class_list":["post-27","page","type-page","status-publish","hentry"],"_links":{"self":[{"href":"https:\/\/saimandirdenhaag.nl\/index.php?rest_route=\/wp\/v2\/pages\/27","targetHints":{"allow":["GET"]}}],"collection":[{"href":"https:\/\/saimandirdenhaag.nl\/index.php?rest_route=\/wp\/v2\/pages"}],"about":[{"href":"https:\/\/saimandirdenhaag.nl\/index.php?rest_route=\/wp\/v2\/types\/page"}],"author":[{"embeddable":true,"href":"https:\/\/saimandirdenhaag.nl\/index.php?rest_route=\/wp\/v2\/users\/1"}],"replies":[{"embeddable":true,"href":"https:\/\/saimandirdenhaag.nl\/index.php?rest_route=%2Fwp%2Fv2%2Fcomments&post=27"}],"version-history":[{"count":36,"href":"https:\/\/saimandirdenhaag.nl\/index.php?rest_route=\/wp\/v2\/pages\/27\/revisions"}],"predecessor-version":[{"id":1546,"href":"https:\/\/saimandirdenhaag.nl\/index.php?rest_route=\/wp\/v2\/pages\/27\/revisions\/1546"}],"wp:attachment":[{"href":"https:\/\/saimandirdenhaag.nl\/index.php?rest_route=%2Fwp%2Fv2%2Fmedia&parent=27"}],"curies":[{"name":"wp","href":"https:\/\/api.w.org\/{rel}","templated":true}]}}